ctor of w and o.
33
Let y(s) = s**2 + 5*s - 60. Let z be y(18). Suppose 0 = -2*j - 3*j + 3*c + z, -82 = -j - 5*c. What is the highest common divisor of j and 72?
72
Suppose -6 = 2*a, 337*r - 342*r - 2*a + 69 = 0. Calculate the highest common divisor of 1185 and r.
15
Suppose 0 = -10*b + 534 + 3276. Let d = b - 348. Suppose 0 = -v + 3. What is the highest common divisor of d and v?
3
Suppose 0 = 4*f + 5*c - 1095, 4*c - 3*c - 273 = -f. Let k = 348 - f. Calculate the highest common divisor of k and 48.
6
Suppose -12*k = 6*k - 26 - 244. Let y be ((-30)/9)/(2/(-3)). Suppose 0 = y*a + 7 - 32. Calculate the highest common factor of a and k.
5
Suppose -11282 - 10558 = -65*u. Calculate the greatest common divisor of u and 400.
16
Let j = -5811 - -5865. Let o = 2323 - 1594. What is the greatest common factor of o and j?
27
Let u(r) = r**3 + 13*r - 122*r**2 + 30 + 107*r**2 - 5. Let f be u(14). Let j = f - 7. Calculate the highest common factor of 1 and j.
1
Let s be (-9 - (-808)/88) + ((-1611)/(-33) - 5). Calculate the greatest common divisor of s and 2596.
44
Let n = 16 - 3. Let i(p) = -p**2 + 1292*p + 9094. Let a be i(-7). Calculate the highest common divisor of n and a.
1
Let o be 6/1 - 6/(-6 - -7). Suppose -s = n + n - 5, -5*s + 3*n + 25 = 0. Suppose o = s*v - 17 - 8. Calculate the highest common factor of v and 10.
5
Suppose -49 + 45 = b. Let o be 29 - (b - (-4 - 1)). Calculate the greatest common divisor of o and 126.
14
Let f(k) = -2*k + 56. Let d be f(11). Let x be (-8640)/(-612) + (-4)/d. Let n be -2 + 2 - (-70 - 0). Calculate the highest common factor of n and x.
14
Suppose 285*m = 14099 + 24376. Calculate the highest common factor of m and 45.
45
Suppose -41*v + 35596 - 9388 + 15776 = 0. What is the highest common divisor of 24 and v?
8
Let a(o) = -o**3 - 9*o**2 + 20*o + 23. Suppose 5*u + 2 - 17 = 0, 5*j + 2*u + 49 = 0. Let b be a(j). Calculate the highest common factor of 5 and b.
5
Let t = -63 - -30. Let w = t + 33. Suppose 2*n + 24 = 5*k, -3*k + 14 = -w*k - n. Calculate the greatest common divisor of k and 36.
4
Suppose -w + 2*w - 5*k = 56, -3*w + 5*k = -128. Calculate the highest common divisor of w and 84.
12
Suppose 10*k + 16254 = 16*k. Suppose k = -14*b + 21*b. Calculate the greatest common divisor of 9 and b.
9
Let x be 2/(1*(-1)/8). Let a be (-5)/(x/(-18) + -1). Suppose 583 = 59*q - 286 - 901. Calculate the greatest common factor of a and q.
15
Suppose 5*g - 5*q = 1499 - 329, 4*g - 948 = -2*q. What is the highest common factor of g and 177?
59
Suppose 2*k - 6*k + 204*k - 36400 = 0. Calculate the highest common divisor of 8827 and k.
91
Suppose -5*x + 484 = 174. Suppose 5143*l = 5101*l + 13020. Calculate the highest common divisor of l and x.
62
Suppose -50*c + 10105 = 2105. What is the greatest common factor of 2960 and c?
80
Suppose -4*p + 992 = 4*l, -5*l = 2*p + 174 - 685. Let z be (378/p)/((-2)/(-9)). Calculate the greatest common factor of z and 133.
7
Suppose -10*m + 2*m - 48 = 0. Let z be 99/(-44)*16/m. Let j be (-8 - -5)/(z/(-4)). Calculate the greatest common divisor of 8 and j.
2
Suppose -a - 2*z = -6*a + 18, 4*z + 14 = -a. Suppose 7 = n - 0. Suppose -o + 4*o + 5*f = 30, -2*o + f = -n. What is the highest common divisor of a and o?
1
Suppose 4*x - 99 + 79 = 0. Suppose 5*n + 385 = 3*c, x*c + n - 140 - 455 = 0. Suppose o - 2*o = -30. Calculate the greatest common factor of o and c.
30
Let l = 2309 - 2239. What is the greatest common factor of 245 and l?
35
Let b = -1913 + 1926. Calculate the greatest common divisor of b and 3523.
13
Suppose 4*j - 5*t - 22656 = 0, -5*t + 22656 = -j + 5*j. Calculate the highest common factor of 177 and j.
177
Let m(f) = -f**2 - 144*f - 1601. Let t be m(-13). What is the greatest common divisor of t and 3162?
102
Let s be 1 - 3/((-6)/680). Let g(m) = -2*m**3 - 15*m**2 - 12*m + 1. Let p be g(-7). Suppose p = d + 5. Calculate the greatest common factor of d and s.
31
Let m = -29 + -107. Let r = 147 + m. Calculate the greatest common divisor of r and 22.
11
Suppose 268 = 4*u + 984. Let y = u + 201. Calculate the greatest common divisor of 110 and y.
22
Suppose 5*l + 5*c - 12 - 33 = 0, 8 = -2*c. Suppose 14831*x - 14836*x + 845 = 0. What is the highest common divisor of l and x?
13
Let x be (-13 - 644/(-56))*(-28)/3. Calculate the greatest common divisor of 5558 and x.
14
Suppose -2*z = 5*f - 45, 37 = 2*z + 3*f - 2. Suppose -7*w + 300 = -2*w. What is the highest common divisor of z and w?
15
Suppose -4*d - 5*l + 281 = -94, d = -4*l + 80. What is the greatest common factor of 1660 and d?
20
Let b(y) = 4*y**2 + 25*y + 7. Let a be b(-10). Let c = -85 + a. What is the highest common factor of c and 16?
8
Let d = 4098 - 2658. Suppose 11*j = j + d. Suppose 3*l - 24 = 30. Calculate the highest common divisor of l and j.
18
Let i(h) = h**3 - 7*h**2 + 4. Let x be i(7). Suppose -76 = -10*z + 84. Suppose 76 = x*n + z. Calculate the greatest common factor of 5 and n.
5
Let d be (-393 + 3)*(-58)/145. What is the highest common factor of 270 and d?
6
Let n = 410 - 275. Let x(f) = -2*f**3 - 4*f**2 - 2*f - 9. Let q be x(-3). What is the highest common factor of q and n?
15
Let p = 84 + -60. Let k = 126 + -123. Let c be (-4)/(k/216*-3)*2. Calculate the greatest common factor of c and p.
24
Let t = -381 + 387. Suppose -t*f - 17*f = -207. Calculate the greatest common divisor of f and 15.
3
Let r be 2 - 36/15 - (-12394)/10. Suppose 0 = 1236*u - r*u + 135. Calculate the highest common divisor of u and 495.
45
Let k be ((-33)/9 - -4)*10395/45. What is the highest common factor of 1408 and k?
11
Let q = 22 - -2. Let c = q + -20. Suppose -t = c*t - 880. What is the highest common divisor of 16 and t?
16
Let u be (-2 - -9) + 416/(-56) - 1200/(-105). Calculate the greatest common factor of 17644 and u.
11
Let t(z) = z**3 - 25*z**2 + 167*z + 183. Let r be t(15). Calculate the greatest common divisor of 30 and r.
6
Let v(r) = 7 + 8*r**2 + 17*r + 2 - 50*r. Suppose -57*a + 101 = -244 + 3. Let i be v(a). What is the highest common factor of i and 9?
9
Let a = 182 + 115. Let g = 300 - a. Calculate the greatest common divisor of 24 and g.
3
Suppose 4*w - 7544 = -2*c, -1898 = 3*c + 5*w - 13218. What is the highest common factor of 56 and c?
28
Suppose 4*q - 1506 = 5*k, -4*q - k - 5*k = -1484. Let b = -27 + 49. What is the highest common divisor of b and q?
22
Let k(m) = m**2 + 7*m. Let d be k(-12). Suppose -116 = 7*i + 164. Let o be (i/(-25))/((-3)/(-45)). Calculate the highest common factor of o and d.
12
Let p = -659 + 1188. Let k(g) = -g**2 + 4*g + 23. Let f be k(0). What is the greatest common factor of f and p?
23
Let v be (-506)/(-69)*((-135)/(-10))/3. What is the greatest common divisor of v and 546?
3
Let q(u) = u**2 - 158*u - 6422. Let a be q(-51). Calculate the highest common divisor of 323 and a.
19
Let w(c) = 23 + 14*c + 10 - 4 + 47. Let l be w(-2). What is the highest common factor of l and 204?
12
Let a(y) = -3*y**2 + y + 5. Let b be a(0). Suppose -b*u = -2*u - 6. What is the highest common divisor of 7 and u?
1
Let u(w) be the third derivative of 6*w**2 + 1/4*w**4 + 0*w + 0 - 7/6*w**3 + 1/20*w**5. Let r be u(2). Calculate the highest common factor of r and 51.
17
Let x(f) = 2*f**2 + 43*f + 47. Let v be x(-24). Suppose 4*t - 2*l - 242 = 0, 4*l = 3*t - 2 - v. What is the highest common factor of t and 18?
9
Let w be 6/(-4)*36/(-27). Suppose -4*r + 4 = -w*r. Let f = 18 + r. What is the greatest common divisor of f and 100?
20
Let k be 69 - 70 - (-3)/((-3)/(-109)). Suppose 57 = -2*v + 5*v. Suppose -v*z + 7*z + k = 0. Calculate the greatest common factor of 27 and z.
9
Let z be 4101/13 + 354/(-767). Calculate the greatest common divisor of z and 840.
105
Suppose -100*y + 2480 = -1463 - 757. What is the greatest common factor of 4559 and y?
47
Let r be (-7)/((-1)/(6/1)). Let f(d) = -154*d - 14252. Let t be f(-95). Calculate the highest common factor of t and r.
42
Let q be 71 + (42/(-18))/((-2)/(-6)). What is the greatest common divisor of q and 3616?
32
Let w = -56 + 89. Suppose 6*q = -429 + w. Let o = 72 + q. What is the highest common divisor of o and 6?
6
Let t be 26114/(-99) + 2/(-9). Let y be -6 - t/42 - (-82)/7. Let r be 3*2/y + 275/10. Calculate the highest common divisor of r and 308.
28
Suppose -316*u + 308*u +